{"id":134,"date":"2024-03-15T09:59:09","date_gmt":"2024-03-15T08:59:09","guid":{"rendered":"https:\/\/lemabo.pl\/?page_id=134"},"modified":"2024-03-15T09:59:09","modified_gmt":"2024-03-15T08:59:09","slug":"sprzedaz","status":"publish","type":"page","link":"https:\/\/lemabo.pl\/?page_id=134","title":{"rendered":"Sprzeda\u017c"},"content":{"rendered":"\n<p>Prowadzimy sprzeda\u017c Oprogramowania takie jak:<\/p>\n\n\n\n<p>-&gt; Microsoft Windows<br>-&gt; Microsoft Office<br>-&gt; Programy antywirusowe<\/p>\n\n\n\n<p>Prowadzimy tak\u017ce sprzeda\u017c podzespo\u0142\u00f3w komputerowych oraz sprz\u0119tu komputerowego.<\/p>\n","protected":false},"excerpt":{"rendered":"<p>Prowadzimy sprzeda\u017c Oprogramowania takie jak: -&gt; Microsoft Windows-&gt; Microsoft Office-&gt; Programy antywirusowe Prowadzimy tak\u017ce sprzeda\u017c podzespo\u0142\u00f3w komputerowych oraz sprz\u0119tu komputerowego.<\/p>\n","protected":false},"author":1,"featured_media":0,"parent":0,"menu_order":0,"comment_status":"closed","ping_status":"closed","template":"","meta":{"footnotes":""},"class_list":["post-134","page","type-page","status-publish","hentry"],"_links":{"self":[{"href":"https:\/\/lemabo.pl\/index.php?rest_route=\/wp\/v2\/pages\/134","targetHints":{"allow":["GET"]}}],"collection":[{"href":"https:\/\/lemabo.pl\/index.php?rest_route=\/wp\/v2\/pages"}],"about":[{"href":"https:\/\/lemabo.pl\/index.php?rest_route=\/wp\/v2\/types\/page"}],"author":[{"embeddable":true,"href":"https:\/\/lemabo.pl\/index.php?rest_route=\/wp\/v2\/users\/1"}],"replies":[{"embeddable":true,"href":"https:\/\/lemabo.pl\/index.php?rest_route=%2Fwp%2Fv2%2Fcomments&post=134"}],"version-history":[{"count":1,"href":"https:\/\/lemabo.pl\/index.php?rest_route=\/wp\/v2\/pages\/134\/revisions"}],"predecessor-version":[{"id":135,"href":"https:\/\/lemabo.pl\/index.php?rest_route=\/wp\/v2\/pages\/134\/revisions\/135"}],"wp:attachment":[{"href":"https:\/\/lemabo.pl\/index.php?rest_route=%2Fwp%2Fv2%2Fmedia&parent=134"}],"curies":[{"name":"wp","href":"https:\/\/api.w.org\/{rel}","templated":true}]}}